 = u**3 + 26*u**2 - 53*u + 59. Let a(d) = -d**2 - 338*d + 6007. Let y be a(17). Determine v(y).
-25
Let k(a) = a**3 + 3. Suppose l = -0*l + 5. Let z be l - (-5)/(4 + -9). Suppose -f = -z*m, 0*m + f = m. What is k(m)?
3
Suppose 179*y + y + 900 = 0. Let i(u) = 6*u**2 + 29*u + 5. Give i(y).
10
Let k(b) = 16*b + 10. Let w(f) = 6 + 63*f + 21 - 94*f. Let o be w(3). Let p(z) = 209*z + 132. Let g(l) = o*k(l) + 5*p(l). Give g(-2).
22
Suppose 6*h = 7*h - 4. Let c be 2 - -4 - (-1 + h). Let y(o) = -o**c + 2*o**2 + 44 - 43 - 2*o - 5*o**3. Determine y(1).
-5
Let d(g) = 3*g**3 - 51*g**2 + 122*g - 557. Let b(z) = -2*z**3 + 32*z**2 - 82*z + 372. Let u(h) = -7*b(h) - 5*d(h). Give u(30).
1
Suppose -2*m = b - 3 - 2, 2*m + 1 = b. Let z(k) be the first derivative of 20*k**3/3 - k**2/2 + k - 1299. Calculate z(m).
20
Let t = 61 - 52. Let i(y) = -y**2 + 6*y. Let a be i(6). Let o(n) = -3 + a*n + 2*n + 0*n - 11*n + n**2. Give o(t).
-3
Let z(o) be the third derivative of o**6/40 + 3*o**5/4 - o**4/4 - 27*o**3/2 + 48*o**2 - 5*o - 2. What is z(-15)?
9
Let u(i) = -16*i**2 - 81*i + 6. Let m be u(-5). Let w be m*(-9)/6*(-12)/(-18). Let z(t) = 2*t + 14. Determine z(w).
-8
Suppose 4*a = -12 - 0. Let k(q) = 10763*q**2 - 295*q - 10762*q**2 + 296*q. What is k(a)?
6
Let y(o) = 2*o**3 - 2*o**2 - 14*o - 8. Let c(n) = -n**3 + n**2 + 3*n + 3. Let k(l) = -4*c(l) - y(l). Give k(2).
8
Let o be -116*(-9)/60 + 8 + (-84)/10. Let s(p) = -p**2 + 18*p - 13. Calculate s(o).
4
Suppose 10*t = 247 - 257. Let j(y) be the second derivative of -3*y**5/10 - y**4/6 - y**3/3 - y**2/2 + 2*y. What is j(t)?
5
Let g be ((-3 + 1)*2/4)/(15/30). Let o(t) = -13*t - 8. Give o(g).
18
Let k(a) be the second derivative of -a**7/2520 - a**6/72 - a**5/120 - 5*a**4/2 - a**3/3 - 35*a. Let f(l) be the third derivative of k(l). Give f(-9).
8
Let p(o) be the second derivative of -o**5/20 + o**4/2 + 17*o**3/6 - 5*o**2/2 - 340*o - 3. Let h be 86/11 - 34/(-187). What is p(h)?
3
Let h be -7*((-6 - 4) + 5). Suppose 47*g = h*g - 12. Let a(q) = 55*q. Let o(i) = -9*i. Let n(d) = -4*a(d) - 25*o(d). Give n(g).
-5
Let h(l) = 3*l**2 + 17*l + 81. Let o(g) = -8*g**2 - 51*g - 250. Let d(c) = -11*h(c) - 4*o(c). Give d(-5).
-1
Let h(j) = -j**2 + 3*j + 1. Let n be h(5). Let p = 11 + n. Let l(x) = -20 - 2*x**3 - 3*x + x**p + 5*x + 21. Determine l(-1).
2
Let g(n) = 95*n + 391. Let y be g(-4). Let w(r) = r - 3. What is w(y)?
8
Let f(q) = -q**3 - 6*q**2 - q + 4. Let j be f(-6). Let c(v) = 182912*v + 182914*v + 182911*v - 4 - 548738*v. What is c(j)?
-14
Suppose 0 = -4*i + 5*z + 11, -15*z + 18*z = -5*i + 23. Let v(g) = 3*g - 19. Calculate v(i).
-7
Let l(h) = -1. Let x(m) = m + 12. Let u(j) = -5*l(j) - x(j). Let g be u(-15). Let c(r) be the first derivative of r**2/2 + r + 60. What is c(g)?
9
Let i = 5997 + -4143. Let o(l) = -i*l**2 - 7*l + 1 + 1852*l**2 - 3. Determine o(-7).
-51
Let h = -304 - -363. Let j(w) = -62 - h + 127 + 2*w. Calculate j(-2).
2
Let i(w) = w**3 + 3*w**2 + 5*w + 5. Let n be i(-2). Let r(v) = -v**3 - v + 1. Let d(g) = 7*g**3 - 4*g**2 + 4*g - 3. Let o(m) = n*d(m) - 6*r(m). Determine o(4).
5
Let k(v) = 3*v**3 + 5*v**2 - 10*v - 5. Let i(l) = 4*l**3 + 5*l**2 - 15*l - 5. Let y(d) = -2*i(d) + 3*k(d). Suppose 6*f + 2*f + 32 = 0. Calculate y(f).
11
Let f(g) be the second derivative of g**4/12 - 5*g**3/6 - g**2 - 10*g - 5. Let q(d) = d**2 - 7*d + 3. Let w be q(7). Let i be w/9 + 8/3. Determine f(i).
-8
Let j(w) = w**2 - 8*w + 9. Let m(i) = i**2 + 4*i - 75. Let x be m(5). Let b(l) = -l**2 - 3*l + 5. Let h be b(4). Let y = h - x. What is j(y)?
2
Let k(x) = -x - 4. Suppose -4*l + 16 = 2*s, 2*l - 2*s - 9 = -1. Suppose -2*r + 3*o = 25, -5*r + l*o + 2 = 54. Calculate k(r).
4
Let x(c) be the second derivative of c**6/360 - c**5/40 + c**4/12 - 53*c**3/3 - 9*c + 9. Let p(s) be the second derivative of x(s). What is p(4)?
6
Let u(f) = 1. Let r(g) = g - 2. Let a(p) = 4*r(p) + 12*u(p). Let t(l) = l + 9. Let b be t(-4). Let j(m) = 3*m - 19. Let w be j(b). Determine a(w).
-12
Let l = -3582 - -3596. Let q(z) = -z**2 + 12*z + 28. Give q(l).
0
Let i(z) = 29*z - 33. Let a(o) = -39*o + 35. Let r(v) = 3*a(v) + 4*i(v). Determine r(0).
-27
Let j(r) = -7*r + 49*r + 34 - 4*r - 38*r - 7*r. Give j(7).
-15
Let d be (-4)/5 + 11/(-55) + 10. Let q(a) = -5*a**3 + 11*a**2 + 3*a - 20. Let z(f) = 11*f**3 - 22*f**2 - 7*f + 41. Let r(w) = d*q(w) + 4*z(w). Calculate r(11).
-27
Let y = 19 - 28. Let j(d) = -122*d**2 + 171*d - 312. Let b(p) = 17*p**2 - 24*p + 44. Let v(h) = -43*b(h) - 6*j(h). Determine v(y).
7
Let o(t) = -2*t - 17. Suppose -9 + 720 = 9*b. Suppose -b - 191 = 30*n. Calculate o(n).
1
Let i be (9/(-2))/(-20 + 395/20). Let t(l) = -l**2 + 22*l - 29. What is t(i)?
43
Let n be (9/(-2) + -2)/(4/(-104)). Suppose -4*z - n = 287. Let k = 118 + z. Let a(u) = u + 4. Determine a(k).
8
Let w(u) be the first derivative of u**5/20 - u**4/2 + u**3/2 - u**2 - 113*u + 54. Let s(l) be the first derivative of w(l). Give s(5).
-12
Let n(r) = r**3 + 19*r**2 + 44*r + 200. Let v be n(-17). Let b(h) be the second derivative of 3*h**2 + 5/12*h**4 - v*h + h**3 + 1/20*h**5 + 0. Calculate b(-4).
-2
Suppose -4*n + 6 = -6, -z = n - 2. Let l(b) = b**3 - b**2 - 2*b. Give l(z).
0
Let r(m) be the second derivative of -m**4/12 + m**3/3 + 3*m**2/2 + 106439*m. Suppose -4*a = -a + 9. What is r(a)?
-12
Let c be -20 - (2 - 17) - (0 - -1). Let g(o) = -o**3 - 6*o**2 - 3. Calculate g(c).
-3
Let y(x) = -2*x**3 + x**2 + 12*x - 24. Suppose 0 = 4*w + 2*j - 22, 3*j - 15 = -146*w + 149*w. What is y(w)?
-12
Let f(b) = -39*b**3 + 1135*b**2 + 150*b - 356. Let n(r) = 8*r**3 - 237*r**2 - 30*r + 71. Let w(d) = -6*f(d) - 29*n(d). Determine w(-32).
13
Let w = -71620 + 71622. Let c(j) = -1 + 2*j**2 - 3*j + 1. Calculate c(w).
2
Let f(k) be the third derivative of -k**4/12 - 7*k**3 + 2*k**2 - 10*k + 256. What is f(-11)?
-20
Let a(x) be the second derivative of x**6/120 - x**5/12 + x**4/6 - 5*x**3/6 + 31*x**2/2 + 3*x - 1. Let b(j) be the first derivative of a(j). Give b(5).
15
Let h be (-1)/(19/(-6) + 3). Let r be (h/(-4))/((-15)/10). Let o(i) = 20*i - 26*i - 3 + 3*i + 4*i + 2. What is o(r)?
0
Let j(v) = -35*v - 4 + 2 + 77*v - 39*v - 2. Let b = -7 - -12. Suppose -3*q = -5*f - 34, b*q - f - 4*f = 40. Determine j(q).
5
Suppose -6*i + 45 - 3 = 0. Suppose 11*x = -48 - i. Let o(w) = -w**2 + w + 1. What is o(x)?
-29
Let h(b) = -9*b**3 - 31*b**2 - 19*b - 122. Let d(k) = 4*k**3 + 15*k**2 + 10*k + 57. Let w(j) = -13*d(j) - 6*h(j). Give w(6).
3
Let y(w) = 195*w - 1547. Let s(c) = -127*c + 1031. Let t(g) = -7*s(g) - 5*y(g). Give t(6).
2
Let j(g) be the first derivative of 7*g**4/2 + 2*g**3/3 + g**2 + g - 2523. Calculate j(-1).
-13
Let m(u) = 5*u + 75. Let d be m(-15). Suppose 0*h - 2*h = -4*f + 2, -3*h + 2*f - 7 = d. Let c(x) = -x**3 - 4*x**2 - 5*x - 4. Determine c(h).
2
Suppose 0 = -s + 18 - 22, s = -6*z - 52. Let p(v) = v**3 + 10*v**2 + 13*v. Determine p(z).
24
Suppose -14*a + 17*a - 9 = 0, -10 = 4*t + 2*a. Let s(m) = -2*m**2 - 11*m + 1. Calculate s(t).
13
Let n(c) = 26*c**2 + 11*c + 69. Let g(y) = -43*y**2 - 24*y - 137. Let r(u) = 3*g(u) + 5*n(u). What is r(20)?
-6
Let n(u) be the second derivative of -u**5/60 + u**4/2 + 31*u**3/3 - 3*u + 10. Let z(a) be the second derivative of n(a). Calculate z(8).
-4
Let y = -155 - -158. Let o(i) = y + 166*i - 5 - 82*i - 73*i. Let f be 4/3*(-12)/(-8). Determine o(f).
20
Let h(f) be the first derivative of 2*f**3/3 - 11*f**2 + 54*f - 3700. Give h(4).
-2
Let u(y) = y**3 - 3*y**2. Let n(q) = q - 20. Let s be n(-14). Let h = s + 32. Let w(b) = -b**3 + 4*b + 3. Let r be w(h). Calculate u(r).
0
Let q(m) = -128*m - 9086. Let y be q(-71). Let b(p) = -3*p**2 - 4*p + 7. Give b(y).
-13
Suppose 3*m - 2*m - 11 = 0. Suppose 181*h - 202*h + 189 = 0. Let o(b) = -m - 7*b - h*b + 18*b - b. Give o(8).
-3
Let r(i) be the first derivative of -i**4/4 + i**3/3 + i**2 + 2*i - 9297. What is r(2)?
2
Suppose 73 = 6*j + 13. Let l(h) = -h**2 + h - j - 20 + 34. What is l(-3)?
-8
Let g(p) = 5 + 1072*p - 1079*p - 1. Let k(h) = 3*h - 2. Suppose -t = 4*b + 25, 0 = b + 2*b - 4*t - 5. Let q(a) = b*k(a) - 2*g(a). Calculate q(0).
2
Let l = -2/2287 - -2291/4574. Let j(a) be the first derivative of a - l*a**2 - 16. Calculate j(0).
1
Let a(v) = 4*v**2 - 1. Let s(q) = -q**2 - 16*q + 45. Let m be s(-21). Let c = -52 - m. Let h be ((